 y = -32 + v. What is the tens digit of y?
1
Let x(m) = -m**2 - 6*m - 9. Let h be x(-6). Let n be 6/h*(-6 + 0). Suppose 4*r - n = -0*r. What is the units digit of r?
1
What is the tens digit of (-23 + (-3 - -4))/(-2)?
1
Let t(p) = -p**2 - 7*p - 7. Let f be t(-5). Suppose 0 = -f*i + 14 + 82. What is the tens digit of i?
3
Let t = -3 - -4. Let g be t/((3/15)/1). Suppose -5*y = -40 - g. What is the units digit of y?
9
Suppose 0*k - 5*h + 396 = 3*k, 4*k + h = 545. What is the units digit of k?
7
Suppose -3*b + 9 = -3. Suppose 0 = 3*q + 5*a - 20, 5*a + 16 = b*q + a. Suppose -y + 3*r + 5 = 0, -q*r + r - 14 = -5*y. What is the units digit of y?
2
What is the units digit of 24 - -1 - (-5 + 1)?
9
Let b be 6/(-27) - 1578/(-54). Let i = b - 8. What is the units digit of i?
1
Let a be ((-6)/9)/(1/9). What is the tens digit of (-6)/2*26/a?
1
What is the tens digit of -3 - 12/(-2) - -188?
9
Suppose 13 = -4*i + 5*i. What is the tens digit of i?
1
Let j(h) = -3*h. Let k(r) = 4*r. Let f(n) = 5*j(n) + 4*k(n). Let c be 9/1 + (1 - 1). What is the units digit of f(c)?
9
Let w(s) = 29*s - 7. What is the hundreds digit of w(5)?
1
Let u be (-3)/((-2 - 0) + 3). Let g be 25 + u - (3 - 1). Let v = -13 + g. What is the units digit of v?
7
Suppose 5*p + 45 = 5*s, 2*p - 4*s + 1 = -17. Let g be -3*(15/p - -1). What is the units digit of (-2)/(1 + -4 + g)?
2
Suppose -40 = 2*h - 4*h. Let d = h + -17. What is the units digit of d?
3
Let z be (-4)/8 - (-14)/(-4). Let x be (-14)/(-8)*(z + 0). Let h = x - -12. What is the units digit of h?
5
Let a(b) = -2*b**2 + b**2 + 2 + 6*b + 3. Let m = -8 - -14. What is the units digit of a(m)?
5
Suppose -3*a = -2*u + 209, -2*a - 160 = 5*u - 730. What is the tens digit of u?
1
Suppose 2*s + 5*x = 4*s - 12, -5*s + x = -7. What is the units digit of 17 - ((3 - 6) + s)?
9
Let c(d) = 11*d**2 + 2*d. What is the tens digit of c(-2)?
4
Let q(n) = -n**3 - 10*n**2 - 11*n - 10. What is the units digit of q(-9)?
8
Let p = 160 - 105. What is the units digit of p?
5
Suppose -11 - 35 = -f. What is the units digit of f?
6
What is the tens digit of 2/(-9)*51*-3?
3
Suppose 3*x - 2*x = 2. Suppose 52 = 2*z + x*z. What is the tens digit of z?
1
Suppose -j - 2*j + 72 = 3*x, -3*x + 3 = 0. What is the tens digit of j?
2
Suppose 2*n = -5*b - 23, 4*n + 31 = 2*b - 7*b. Let a = -2 - -4. What is the units digit of (-15)/2*a/b?
5
Let x(r) = -2*r**2 - 11*r + 6. Let w be x(-10). Let u be (-2)/(-5) - w/15. Suppose -u*m + 12 = -3*m. What is the units digit of m?
4
Suppose -3*x = -0*x - 12. Let c be (-1)/x - (-12)/(-16). What is the units digit of (-1)/(c/9) - 1?
8
Let t be 32/14 - 2/7. Suppose m + t*m + 5*b = 3, m = -5*b + 11. Let a(n) = n**2 + n - 3. What is the units digit of a(m)?
9
Suppose t - 10 - 59 = 0. What is the tens digit of t?
6
Let k(v) = v**3 - 5*v**2 + 7*v - 5. Let s(i) = -i. Let a be s(-6). Let h = a + -2. What is the units digit of k(h)?
7
Suppose -2 = -3*s + 4. Let v be 2 - 0 - (-5 + 0). What is the units digit of (v - 0) + 2/s?
8
Let m = -113 - -324. What is the tens digit of m?
1
Suppose -q + 273 = 2*q. What is the tens digit of q?
9
Let k = 0 - -3. Let a be ((-6)/(-4))/(-3)*-4. Suppose -d - 4*s = 1, a*d - k*s = -0 + 42. What is the tens digit of d?
1
Suppose 202 = 4*m - 170. What is the tens digit of m?
9
Let b be (2 - -6)/(2*1). Suppose -b*s + 3*m + 22 - 1 = 0, 0 = s + 2*m - 19. What is the units digit of s?
9
Let r = -4 - 0. What is the units digit of (14/4 + r)*-58?
9
Let n(z) = 28*z**2 + 12*z + 10. What is the tens digit of n(-4)?
1
Let z = -94 - -149. What is the units digit of z?
5
Let m(y) = -7*y**3 - y**2 + y - 8. Let s(k) = 13*k**3 + 3*k**2 - k + 15. Let u(d) = 11*m(d) + 6*s(d). What is the tens digit of u(-4)?
3
Let j(k) = k**3 - 9*k**2 - 10*k + 2. Let x be j(10). Let l be 340/12 - x/6. What is the tens digit of 1/(10/l)*5?
1
Suppose -392 - 847 = -7*h. What is the units digit of h?
7
Let l be 12/28 + 92/14. Suppose 6 = d - l. Suppose y + 1 - d = 0. What is the units digit of y?
2
Let a(c) = c**3 + 8*c**2 - 4*c + 5. What is the units digit of a(-6)?
1
Let w(o) = -2*o + 9. What is the units digit of w(-9)?
7
Let n be -4*(-2 - 3/(-2)). Suppose -4*y + 2*o = -7*y + 11, 2*y + 4*o - 10 = 0. Let t = y - n. What is the units digit of t?
1
Let l = 10 - 21. Let h = l - -16. Suppose 0*a + h = 5*p - 3*a, 5*p - a - 5 = 0. What is the units digit of p?
1
Suppose 2*b + 5*r = 107, b - 2*b = -3*r - 48. What is the units digit of b?
1
Suppose 0*c - 3*c + 45 = 0. Suppose 2*s + 3*q + 0 - c = 0, -q + 15 = 4*s. Suppose 0 = -s*v + 6. What is the units digit of v?
2
Let p(d) = -38*d**2 - 2*d - 1. Let v(y) = 37*y**2 + 3*y + 2. Let g(x) = -3*p(x) - 2*v(x). Let c be g(-1). Suppose -11 = -5*s + c. What is the units digit of s?
0
Let m(h) = -1 - 4*h + h**2 + 1. Let d be m(3). What is the units digit of -2 - -1 - d/1?
2
Let j = -171 + 249. What is the tens digit of j?
7
Let t = 39 + 69. Suppose -t = -3*v + u + 16, 0 = -3*v + 5*u + 140. Suppose 2*f = -3*f + v. What is the units digit of f?
8
Let h(z) = z - 3. Let a be h(0). Let o = a - -2. What is the units digit of o - 3/((-6)/16)?
7
What is the units digit of 5/15 - (-98)/3?
3
Let l(j) = 3 + 5*j**2 + j**3 + 0 - j + 0*j. What is the units digit of l(-5)?
8
Let x(l) = -l**3 + l**2 + l + 3. Suppose -3*d + 3 = -2*f, -2*f = -f - 4*d + 4. Let y(t) = -t. Let w be y(f). What is the units digit of x(w)?
3
Suppose -5*w - 7*n = -3*n - 237, -102 = -2*w + 2*n. What is the tens digit of w?
4
Let p be 46/11 + 2/(-11). Suppose 0 = -5*h - 5*i + 5, 0*i - 9 = -p*h + i. What is the units digit of h?
2
Let v(r) = -5*r. Let x be v(1). Let t = x - -5. Suppose 0*p - 3*p + 36 = t. What is the units digit of p?
2
Let t be 13*(2 - 3) + -3. What is the units digit of 4/(t/(-12)) - -2?
5
Suppose -14*s + 8*s + 336 = 0. What is the tens digit of s?
5
Let u(l) be the third derivative of l**6/120 - l**5/20 - l**4/6 - 7*l**3/6 + 5*l**2. What is the tens digit of u(5)?
2
Let b = 61 - -90. What is the tens digit of b?
5
What is the units digit of (29/(-3) + 0)/(5/(-30))?
8
Let z = -3 + 5. Suppose 0 = 2*y + z*r - 28, 3*y = -2*y + 3*r + 62. What is the units digit of y?
3
Let c be 1*(-1 - 0)*5. Let r(x) be the first derivative of x**3/3 + 2*x**2 + x + 7. What is the units digit of r(c)?
6
Suppose 0*k + 3*k - 6 = 0. Suppose 5 - 18 = -k*y - 5*p, p = 2*y - 31. What is the units digit of 21/y - 3/(-2)?
3
Let b = -12 - -4. Let v = 13 + b. Suppose r - v*q - 25 = 1, 5*r - 46 = -3*q. What is the tens digit of r?
1
Suppose -5*x + 3*u = -1160, -244 = -5*x - u + 896. What is the units digit of x?
9
Suppose 2*u = 5*u. Let z = -1 + 5. Suppose u*q - z = -q. What is the units digit of q?
4
Let i(d) = -17*d - 3. What is the tens digit of i(-1)?
1
Let v(x) be the third derivative of -3*x**4/2 - 8*x**2. What is the tens digit of v(-1)?
3
Suppose 4*p - 1144 = -3*x, -3*p = -4*p - 5*x + 286. What is the tens digit of p?
8
Let c = 3 + -4. Suppose 2*k - 4 = -0*k. What is the units digit of k + c/2*2?
1
Let b(k) = -6*k - 6. Let t = -27 - -19. What is the tens digit of b(t)?
4
Let x(h) = -13*h**3 - 5*h**2 + 13*h - 5. Let v(s) = 7*s**3 + 3*s**2 - 7*s + 3. Let d(m) = -11*v(m) - 6*x(m). What is the units digit of d(4)?
9
Suppose -c = -5 - 1. Let x = c - 10. Let g = x + 12. What is the units digit of g?
8
Let f(k) = -k**3 - 7*k**2 - 4*k - 8. Let j(u) = u + 1. Let p be j(-8). Let r be f(p). What is the units digit of 128/r + 6/10?
7
Let i(m) = 13*m - 1. Let r be i(1). Suppose z - 6 = r. What is the units digit of z?
8
Let h = 16 - -19. What is the units digit of h?
5
Suppose g - 8 = -g. Suppose -g*x = -x - 5*w + 2, 4*w - 9 = -5*x. Suppose 4*c - x = 3. What is the units digit of c?
1
Suppose 2*p - 154 = -22. What is the tens digit of p?
6
Let y = -1 - -8. What is the units digit of y?
7
Let l = 17 - 9. Let c = -3 + l. Let a = c - 1. What is the units digit of a?
4
Let l = -4 + 6. What is the units digit of 11/l*2*1?
1
Let b(c) = 10 - c**2 - 2*c**2 + 4*c**2. Let k = 3 + -3. What is the tens digit of b(k)?
1
Let q(f) = 13*f - 16. What is the tens digit of q(3)?
2
Suppose x - 14 = -2*z + 9, 0 = 4*z - 3*x - 61. What is the tens digit of z*1/(3/3)?
1
Let o(d) = d**3 + 5*d**2 + 5. Let k be o(-5). Suppose k*n - 68 = n. What is the tens digit of n?
1
Let f be 3 - (10 - 2) - 3. Let t(k) = -19*k 